 - 5) + 35 + 113 + -124?
19
Calculate -8 - (13 + 16 - 29).
-8
Evaluate 11 + (-3 - (-6 - 8)) + -14.
8
Evaluate -1 + 4 + -10 + 6 - 3.
-4
What is 14 + -6 + 17 + -34?
-9
Evaluate (16 - 27) + 15 + (1 - 8).
-3
What is the value of -7 + 34 + -16 - 0?
11
(-18 - -4) + 9 - 16 - -6
-15
Evaluate (8 - 20) + 12 + 6 + 1.
7
What is 7 + (-8 - -1) + (1 - (0 - -3))?
-2
What is the value of -11 + 1 + -13 + 20?
-3
Calculate -5 + (-3 - (-12 + 0)) + -10 - 9.
-15
Evaluate -37 + (16 - 4) - -25.
0
What is the value of -22 - 8 - (-33 - -29)?
-26
Calculate 0 + 9 + -20 + 16.
5
Calculate (-15 - -11) + (-4 - (-1 - 4)).
-3
Calculate -3 + 7 - (5 - (1 - (0 - 3))).
3
(-208 - -294) + -73 + (-1 - -2 - -1)
15
What is the value of 7 + (-2 - 17) + 26 + 8?
22
Calculate 0 + -6 + 1 + -9 + -51 + 53.
-12
What is -18 - (-5 - (1 + 1))?
-11
Evaluate (-7 - -8) + 19 + -16.
4
8 + 19 + -26 + 12 + -1
12
What is the value of 16 + 1 + (15 + -3 + -5 - 2)?
22
Calculate 5 - 8 - (4 + (6 - 2) - 4).
-7
Calculate -16 + 24 - (16 - 0 - (-6 - -12)).
-2
15 + -9 + -32 + 13
-13
(-2 - (14 - 8)) + 15 + 2
9
Evaluate -1 + (-109 - -125) + (-1 - 6).
8
What is 17 + 1 + 0 - (28 + -22 - 1)?
13
What is the value of (21 - 4) + (0 - (1 + 7))?
9
21 + -5 + (14 + (6 - -2) - 9)
29
Calculate -13 + 2 + -7 + -12 + 30.
0
Evaluate (-5 - 12) + 3 + 0 + 2 + 0.
-12
Evaluate (10 - (-2 + (-3 - -11))) + 2.
6
What is the value of -7 + (12 - 2) - ((-4 - -16) + -8)?
-1
What is -12 - (1 + -1 + -5)?
-7
What is -15 - (68 + -75 + (2 - -12))?
-22
What is 428 + -394 + (-21 - 0)?
13
(36 - 22) + -8 + -1 + 3
8
(-14 - -3 - -24) + -14
-1
What is the value of (-1 + -13 + -2 - -12 - 2) + -24?
-30
What is 41 + -48 - (-13 + -1) - 15?
-8
What is the value of -10 + (-26 - -17 - -6)?
-13
What is -7 + 8 - (-5 + 1) - (-3 - 4)?
12
What is 3 + (-14 - -10) + 1 + 4 + 21?
25
Evaluate 10 + (-10 + 20 - 41) - (-7 + 3).
-17
What is -19 + (11 - (-13 - -15))?
-10
What is (7 + -1 - 10 - -7) + -15?
-12
Calculate -4 + (-9 - -4) + -2 + 2 + 13.
4
Calculate 41 + (-50 - (6 + -33)).
18
Evaluate 6 + (8 - (-4 + 6)) + (-1 - 10).
1
What is the value of 6 + 11 + (9 + -19 - -11)?
18
2 - -4 - (13 + 0) - (1 + 5)
-13
Evaluate (26 - 32) + (-6 - (-1 + 0)).
-11
What is 4 - (-7 - (29 + -10))?
30
What is 3 + -1 + (0 - (-2 - -1))?
3
What is 22 + -26 + -24 - -24?
-4
-7 + (-10 - (-18 + 6) - -14)
9
What is the value of ((-5 - -2) + 7 - 1 - 9) + 16?
10
Evaluate (-23 - (20 + -48)) + 0 + -6.
-1
What is the value of -4 + (8 - 18) - -12?
-2
What is the value of 1 + 22 - (-28 - (5 + -4 - 22))?
30
Calculate 31 - (5 - (3 + -11 + 8 + 1)).
27
What is -22 - -40 - (9 + 4)?
5
What is 12 - (2 + (-7 - (-3 - (-7 - 0))))?
21
Evaluate -2 - -11 - (-20 - -5 - -22).
2
23 - (-13 - (23 + -38))
21
Evaluate -29 + (8 - -56 - 32).
3
Calculate 37 - (44 + -22) - 33.
-18
What is the value of -32 + -44 + 10 - -36?
-30
What is the value of -3 - (-22 + -3) - (39 - 31)?
14
What is the value of (-34 - -19) + 15 + -7?
-7
Calculate (18 - -5 - 7) + (5 - 10).
11
1 - -1 - ((26 - 10) + 5 + -13)
-6
Evaluate -2 + 9 + (721 - 704).
24
Evaluate 15 + (-11 - -12) + -12 + -1 + -13.
-10
Calculate 73 + -59 + (-14 - 4).
-4
What is the value of 5 - (6 + -5 + 12 - 8)?
0
What is the value of 15 + -4 - (11 - 2)?
2
-1 + 2 + -2 - (-33 + 31)
1
What is the value of (-1 - -1 - (-2 - -2)) + -10 + 10?
0
What is the value of (-4 - -7 - (-3 - -8)) + -8 - 5?
-15
What is the value of -43 + 31 + (-1 - -9)?
-4
16 - -18 - 33 - (-1 - -2 - 0)
0
What is the value of -12 - -8 - (-3 + -2)?
1
What is the value of (15 - (-38 + 40 - (-1 + 1))) + -11?
2
What is the value of 24 + -21 + 3 - (31 - (1 + -1))?
-25
Calculate (9 + 4 - 19) + 6.
0
(-1 - 0) + -13 + 1 + 26
13
Evaluate 10 + (-12 - (33 + -16)).
-19
Evaluate -9 + (1 - -9) - (12 + 1 - -1).
-13
Calculate 7 - ((-3 - -2) + 9 + 3).
-4
Calculate 2 - -9 - 8 - (-7 + 7 + -7).
10
What is (37 + -80 - -3) + 38?
-2
What is the value of -9 + (-7 - (-9 + 5)) + 14?
2
What is -10 - -15 - (7 - -5 - (-2 - 1))?
-10
12 - 8 - (-3 + -3 + 3 + -9)
16
What is -23 + ((25 - 37) + 4 + 0 - -16)?
-15
Calculate 10 + -5 + -5 + 13 + (-14 - 10).
-11
What is -9 - (13 - ((-8 + 6 - -11) + -9))?
-22
Calculate (-12 - 4) + 5 + 1.
-10
Calculate 1 - -37 - (-545 - -560).
23
What is the value of (13 - 0 - 12) + 7 + 4 + -32?
-20
Calculate -15 - (-22 + -18 + 22).
3
Evaluate 0 - -22 - (36 + 5 + -17 - 17).
15
Calculate -256 - -252 - ((-2 - 0) + (2 - -6)).
-10
What is 94 + -81 - (2 + (-1 - 0) + -4)?
16
What is (-43 - -1) + (-140 - -150)?
-32
Calculate 2 + (3 - 6) - (32 - 24).
-9
Calculate 3 + (1 - (-5 + 2) - 0).
7
What is the value of (-5 - 2 - -1) + 8 + -4?
-2
Calculate -9 - (-3 + 6) - ((-2 - -7) + -10).
-7
5 - (-13 - (14 + -19))
13
-22 + -5 - -2 - (-40 - -18 - -19)
-22
(-4 - (4 - (1 + 4 + 2))) + 3
2
What is 19 + -16 + 14 + -6?
11
What is the value of -7 + 3 - -4 - (30 + -10) - -6?
-14
Evaluate 137 + -132 + (-1 - 0) + 1 - -6.
11
2 - (0 + -9 + 27 + -30)
14
4 - ((20 - 5) + -4 + -21)
14
What is -9 - (0 + (1 - (-1 + -5 + -4)))?
-20
Calculate (0 - -2 - 0) + 1 + 5.
8
Calculate 6 + 10 + -10 + (0 - -12) + 15.
33
Evaluate (7 - (7 + (-7 - -5))) + -10 - -6.
-2
Calculate -11 + 2 - (-23 - -7 - -1).
6
Evaluate -20 - -12 - (-18 - (5 - -18)).
33
(-1 - 3) + (4 - 11) + 4 - -6
-1
Evaluate (-5 - -19) + -5 - (9 + -11 - -36).
-25
What is the value of 7 + 1 + (-12 - -7) + -8?
-5
What is (5 - (0 + 6)) + 2 - (-24 + 30)?
-5
Calculate 1 - 4 - (-4 - (6 - 4 - 6)).
-3
15 + 8 + -4 + -8 + -7
4
23 - ((6 - 3) + 11 + -6)
15
(-2 + -2 - -2) + -8 - -4
-6
What is the value of 13 - 6 - (-42 + 55)?
-6
3 - ((0 - 2) + (4 - (11 + -4)))
8
What is the value of (21 + 2 + -34 - (2 - 8)) + 4?
-1
82 + -83 - (8 - -1)
-10
Calculate -1 - ((104 - 94) + 0 + -5).
-6
What is -59 + (28 - 35 - -38)?
-28
Calculate -53 + (21 - 42 - -44).
-30
What is the value of -12 + (12 - 0) + -12?
-12
Evaluate 0 - 5 - (7 + 3 - (-12 + 16)).
-11
14 - ((-33 - 2) + 58)
-9
What is the value of -2 + -1 + (-5 - (-1 + -2)) + 16?
11
What is (3 - -4) + -16 + 3 + 9?
3
What is the value of -5 + -6 + 4 + 7 - 9?
-9
What is the value of -2 + 0 - ((10 - (8 + -5)) + -4)?
-5
(1 - (0 + -4)) + -13 + -10 + 8
-10
What is -9 + (-172 - -179 - (-23 - 2))?
23
Calculate 9 - (-3 + (-2 - -6) + -1) - -4.
13
Calculate -27 - ((-1 - 34) + 3).
5
What is (38 - 60) + 17 + -1?
-6
What is 7 + -1 + (14 - (7 + (0 - 4)))?
17
-54 + 20 + 16 - (-2 - 6) - -11
1
What is 13 + (-1 - 6) + 8 + -8?
6
What is the value of -4 - -2 - (-179 + 181)?
-4
9 + 3 + 14 + -39
-13
Calculate 2 - 14 - (-230 + 203).
15
Calculate -18 - -19 - (-7 + (1 - -1) + -1).
7
What is 0 + 3 + (2 + 4 - (-11 + 8))?
12
11 - ((-7 - -12 - 7) + 9)
4
What is the value of -4 + 7 + -8 + 7 + 6 + -10?
-2
Evaluate 66 + (-73 - -19) + 1 + 0.
13
Evaluate (-14 + -20 - 5) + 1 + 10.
-28
Calculate 17 + 6 - ((42 - 37) + (-3 - 0)).
21
Evaluate -19 - (8 + -29) - 16.
-14
What is the value of -16 + 25 - (23 + 5 + 5)?
-24
Evaluate -30 + 5 - (-174 - -163).
-14
Calculate (3 - 0) + (-11 - (-1 - 5)).
-2
0 + -41 + -3 - (-73 + 58)
-29
What is the value of 3 - (16 - 7) - -5 - -10?
9
What is the value of (5 - -14 - 1 - 2) + -11?
5
16 + -11 + (-5 - (1 + -2))
1
What is the value of -6 - (7 - (-5 - -27)) - (35 - 7)?
-19
Evaluate (-20 - -38 - -5) + 8.
31
What is 3 + (-39 - -25) + -5?
-16
What is the value of -13 + 1 - (154 - 173) - 1?
6
Calculate 14 - -1 - (-90 + 98).
7
Calculate 2 - (-17 + 20 - (2 - (-3 - -3))).
1
What is -18 + 3 - (8 - (-2 - (5 + -13)))?
-17
What is the value of 1 - ((-13 - 7) + 6 + 29)?
-14
What is -4 + 2 + -8 + -1 - (8 - 0)?
-19
Calculate 3 - (-6 - -25) - -45.
29
What is -88 + 83 + (-2 - 9 - -1)?
-15
What is the value of -8 + -1 - 1 - (409 + -406)?
-13
9 + 5 + 0 + -7
7
Evaluate (1 + 8 - (9 + -3)) + -1.
2
11 + (14 - 26) - (-20 - -4)
15
Evaluate 12 - (8 + (-10 - (-7 + -1))).
6
What is the value of (-2 - 13) + 30 + -14?
1
What is the value of -13 - (-27 - (17 + -31))?
0
What is the value of 9 + (5 - 13) + -7?
-6
Evaluate (-3 - 1) + 1 + (-3 - -5) + -35.
-36
3 + 5 + -14 + (1 - 3) + 8
0
What is the value of (-10 + (12 - 11) - 18) + (-6 - 1)?
-34
Calculate -9 - ((-8 + 24 - 10) + -3).
-12
What is the value of 0 - (-4 + (24 - 11))?
-9
(2 - -6) + (-17 - (-2 + -13))
6
Evaluate -36 + -46 + 24 - -35.
-23
Calculate (19 - (83 - 34)) + 2 + (-6 - 0).
-34
Evaluate 61 + -31 + -5 + 3.
28
Calculate 11 + (-9 - (-35 + (24 - 10))).
23
(30 - 51) + -5 - (5 